13 (base 7) to base 16.
2b8
What is -571 (base 12) in base 7?
-2230
-15d29 (base 16) to base 7
-521412
Convert -1154 (base 9) to base 13.
-511
Convert 1a30 (base 14) to base 13.
2211
What is -3376 (base 14) in base 16?
-22dc
What is -11001001111 (base 2) in base 4?
-121033
-17501 (base 8) to base 12
-4769
Convert 1500 (base 10) to base 6.
10540
What is -42143 (base 5) in base 16?
-aee
-772 (base 15) to base 9
-2268
What is 1228 (base 9) in base 16?
395
Convert 501 (base 10) to base 14.
27b
-1d38 (base 16) to base 2
-1110100111000
50713 (base 8) to base 9
31645
Convert 385 (base 11) to base 14.
248
-12204 (base 5) to base 4
-32201
-432 (base 14) to base 9
-1120
What is -334 (base 14) in base 9?
-774
What is 27a (base 15) in base 13?
346
Convert 20746 (base 8) to base 10.
8678
Convert -110211222 (base 3) to base 7.
-36212
What is 7e (base 16) in base 3?
11200
What is -10105 (base 8) in base 13?
-1b85
5134 (base 6) to base 16
472
Convert -302123 (base 5) to base 14.
-3743
What is 144 (base 16) in base 2?
101000100
Convert ab (base 12) to base 5.
1011
What is 75453 (base 8) in base 4?
13230223
-31122 (base 4) to base 7
-2334
1110101 (base 2) to base 12
99
Convert 131550 (base 6) to base 5.
341330
What is -4081 (base 14) in base 10?
-11089
What is -527 (base 8) in base 11?
-292
-274 (base 11) to base 15
-168
100032 (base 4) to base 7
3012
Convert 775 (base 15) to base 14.
885
Convert 2023 (base 5) to base 7.
524
Convert -9994 (base 15) to base 16.
-7f1b
41130 (base 5) to base 15
bca
Convert 3434 (base 7) to base 10.
1250
-e64 (base 15) to base 4
-302230
Convert 29413 (base 11) to base 5.
2314014
-2af (base 16) to base 6
-3103
What is 1011101110001001 (base 2) in base 5?
3014014
What is -21200101 (base 3) in base 13?
-2719
Convert 62c (base 15) to base 4.
111300
-72 (base 16) to base 9
-136
Convert 2a3 (base 11) to base 8.
543
-2733 (base 13) to base 8
-12763
What is 19b4 (base 12) in base 9?
4301
What is -1012002112 (base 3) in base 16?
-5b64
What is 780 (base 9) in base 2?
1001111111
Convert -635 (base 7) to base 16.
-140
Convert -46525 (base 10) to base 6.
-555221
-758 (base 10) to base 15
-358
35526 (base 9) to base 15
708c
What is -4320 (base 9) in base 4?
-301221
-c5 (base 15) to base 8
-271
Convert -10001100001 (base 2) to base 15.
-4eb
Convert 319 (base 12) to base 6.
2033
What is -3545 (base 6) in base 10?
-857
-20123310 (base 4) to base 3
-1202101120
111111010011 (base 2) to base 7
14545
Convert -98 (base 13) to base 8.
-175
-123312 (base 4) to base 15
-7dc
-24611 (base 9) to base 10
-16534
Convert 77736 (base 8) to base 16.
7fde
-6075 (base 11) to base 15
-25cd
Convert 6b55 (base 16) to base 12.
13a99
What is -55 (base 15) in base 12?
-68
Convert -1033531 (base 6) to base 9.
-77441
Convert 139 (base 14) to base 4.
3313
-eb5 (base 16) to base 13
-1938
Convert -1352 (base 7) to base 16.
-20f
What is -24362 (base 8) in base 7?
-42363
1111001001010 (base 2) to base 14
2b7c
Convert -6535 (base 7) to base 16.
-919
Convert 2221212 (base 3) to base 9.
2855
What is -645 (base 8) in base 3?
-120121
What is -41550 (base 11) in base 4?
-32302023
Convert 32033232 (base 4) to base 14.
1739c
10134 (base 5) to base 13
3c6
Convert 4048 (base 11) to base 6.
40520
-111100111101000 (base 2) to base 10
-31208
868 (base 11) to base 4
100102
Convert 14145 (base 6) to base 11.
1743
What is 2726 (base 16) in base 7?
41135
What is 1931 (base 10) in base 9?
2575
What is 1122412 (base 5) in base 13?
935c
1523 (base 11) to base 9
2618
What is -11011 (base 4) in base 2?
-101000101
Convert -133153 (base 6) to base 7.
-51045
-130333 (base 4) to base 15
-83a
What is 35055 (base 6) in base 9?
6768
What is -c86 (base 14) in base 15?
-aea
Convert -28116 (base 9) to base 6.
-224110
Convert -615c (base 13) to base 8.
-32164
What is 65 (base 14) in base 11?
81
What is -1300121 (base 4) in base 14?
-289b
-26454 (base 7) to base 3
-100201210
What is 22582 (base 13) in base 4?
33100003
What is 1200211 (base 3) in base 14?
645
-38903 (base 11) to base 4
-31211233
Convert -201004 (base 5) to base 14.
-2479
Convert -36213 (base 9) to base 7.
-130434
Convert 11003 (base 4) to base 11.
274
2cb8 (base 13) to base 8
14655
What is 22000 (base 3) in base 2?
11011000
1362 (base 15) to base 14
171c
Convert 701 (base 8) to base 13.
287
-1275 (base 12) to base 5
-31410
Convert 22301 (base 4) to base 6.
3105
What is -421 (base 6) in base 4?
-2131
What is 2dcd (base 15) in base 16?
268c
Convert -14502 (base 8) to base 15.
-1db1
What is -462 (base 9) in base 15?
-1a5
-101110101101 (base 2) to base 4
-232231
-103302203 (base 4) to base 12
-3aaab
1010001 (base 3) to base 10
811
What is 110322 (base 4) in base 3?
1211120
What is 182 (base 9) in base 15?
a5
Convert 25245 (base 8) to base 16.
2aa5
Convert 13b (base 14) to base 15.
119
What is -64226 (base 7) in base 6?
-201332
643 (base 11) to base 7
2153
What is 439a (base 11) in base 14?
2180
What is -40888 (base 9) in base 14?
-9b88
Convert -221046 (base 7) to base 13.
-14871
What is -156164 (base 7) in base 15?
-9295
-3211 (base 4) to base 9
-274
Convert -350 (base 14) to base 4.
-22102
Convert -12300 (base 5) to base 12.
-672
Convert -2212 (base 13) to base 6.
-33551
-13cc7 (base 13) to base 7
-213605
Convert 843 (base 10) to base 16.
34b
Convert -2c42 (base 14) to base 11.
-5a30
What is -677 (base 11) in base 12?
-576
-500 (base 11) to base 4
-21131
What is 351 (base 16) in base 11?
702
Convert -1100101110010 (base 2) to base 10.
-6514
What is 1120200 (base 5) in base 14?
7442
Convert -1123102 (base 6) to base 10.
-57710
Convert 61017 (base 9) to base 6.
505411
What is 10110010 (base 2) in base 14?
ca
Convert 50c (base 13) to base 15.
3c2
310314 (base 6) to base 4
12002212
Convert -3431 (base 7) to base 11.
-a34
Convert 24b1 (base 13) to base 16.
145e
Convert -269 (base 11) to base 5.
-2232
What is 4314 (base 6) in base 8?
1726
What is 1125 (base 6) in base 5?
2034
What is 20020111 (base 3) in base 12?
2771
Convert -1446 (base 15) to base 14.
-1821
3131 (base 5) to base 9
512
-523 (base 7) to base 16
-106
18c85 (base 15) to base 11
55497
Convert 3443 (base 6) to base 8.
1463
-30334 (base 6) to base 4
-332302
What is 33c4 (base 14) in base 4?
2030200
-220014 (base 5) to base 4
-1311111
What is 1998 (base 14) in base 11?
3540
33355 (base 6) to base 4
1021013
Convert -117 (base 12) to base 8.
-243
What is -3b5 (base 13) in base 2?
-1010001111
-416 (base 10) to base 15
-1cb
What is 1001011110 (base 2) in base 16?
25e
What is 10011001010111 (base 2) in base 6?
113235
Convert 1103202 (base 5) to base 11.
13454
What is 221 (base 3) in base 6?
41
What is -6067 (base 10) in base 12?
-3617
What is 10311 (base 4) in base 5?
2214
Convert -3315 (base 7) to base 5.
-14223
1406 (base 7) to base 4
20201
730 (base 14) to base 12
99a
Convert -1a8 (base 11) to base 9.
-285
Convert -4603 (base 7) to base 5.
-23134
-263 (base 11) to base 14
-183
-9b (base 12) to base 5
-434
What is -2354 (base 8) in base 16?
-4ec
25333 (base 6) to base 3
12012210
What is -1324402 (base 5) in base 7?
-141200
751 (base 12) to base 14
565
What is 356 (base 10) in base 9?
435
What is -11757 (base 11) in base 16?
-41f1
What is -1100011100111 (base 2) in base 15?
-1d50
What is 5088 (base 13) in base 15?
344c
What is -db (base 14) in base 6?
-521
Convert 7654 (base 8) to base 12.
23a4
What is cbd8 (base 16) in base 7?
305066
What is -215 (base 16) in base 2?
-1000010101
What is 1b8 (base 12) in base 7?
554
What is 11156 (base 13) in base 4?
13210112
What is -46eb (base 15) in base 11?
-10361
Convert -c9f (base 16) to base 11.
-2478
54053 (base 6) to base 14
298d
-999 (base 12) to base 10
-1413
What is 134203 (base 5) in base 11?
4199
Convert 203 (base 7) to base 6.
245
Convert 4444 (base 7) to base 16.
640
30413 (base 5) to base 13
b97
Convert -3756 (base 11) to base 7.
-20201
What is a3 (base 14) in base 7?
263
Convert 1100111010001011 (base 2) to base 12.
26723
What is -33861 (base 11) in base 4?
-23330313
Convert -10102202 (base 3) to base 15.
-b1e
-28ca (base 15) to base 9
-12881
Convert -32232130 (base 4) to base 13.
-215b9
300 (base 16) to base 6
3320
Convert -3a7 (base 15) to base 3.
-1010211
Convert 203415 (base 6) to base 3.
211102202
Convert 22b7 (base 12) to base 11.
2a10
